 when 29498 is divided by 50.
48
What is the remainder when 31442 is divided by 542?
6
Calculate the remainder when 52735 is divided by 1194.
199
What is the remainder when 4762 is divided by 932?
102
Calculate the remainder when 25508 is divided by 541.
81
Calculate the remainder when 177 is divided by 36.
33
Calculate the remainder when 202397 is divided by 8797.
66
Calculate the remainder when 689556 is divided by 229835.
51
What is the remainder when 1884 is divided by 86?
78
Calculate the remainder when 249549 is divided by 117.
105
What is the remainder when 16253 is divided by 211?
6
Calculate the remainder when 456704 is divided by 76.
20
What is the remainder when 14986 is divided by 14986?
0
What is the remainder when 550570 is divided by 438?
4
Calculate the remainder when 5991 is divided by 74.
71
What is the remainder when 7799 is divided by 9?
5
Calculate the remainder when 73010 is divided by 283.
279
Calculate the remainder when 102087 is divided by 634.
13
What is the remainder when 40180 is divided by 19760?
660
What is the remainder when 21968 is divided by 26?
24
What is the remainder when 23689 is divided by 115?
114
Calculate the remainder when 856672 is divided by 182.
180
Calculate the remainder when 133630 is divided by 33385.
90
What is the remainder when 5837 is divided by 149?
26
What is the remainder when 264410 is divided by 88133?
11
What is the remainder when 56217 is divided by 16?
9
Calculate the remainder when 27205 is divided by 184.
157
Calculate the remainder when 2719 is divided by 310.
239
Calculate the remainder when 1020038 is divided by 28.
26
What is the remainder when 4186 is divided by 1001?
182
What is the remainder when 3229 is divided by 7?
2
What is the remainder when 26592 is divided by 8?
0
What is the remainder when 9925 is divided by 7?
6
Calculate the remainder when 158608 is divided by 2.
0
Calculate the remainder when 32479 is divided by 1804.
7
What is the remainder when 55435 is divided by 360?
355
Calculate the remainder when 2073 is divided by 678.
39
What is the remainder when 3985 is divided by 2754?
1231
What is the remainder when 291063 is divided by 495?
3
Calculate the remainder when 3970 is divided by 1317.
19
What is the remainder when 10437 is divided by 35?
7
What is the remainder when 64943 is divided by 155?
153
Calculate the remainder when 35542 is divided by 35481.
61
What is the remainder when 555831 is divided by 182?
3
What is the remainder when 1115 is divided by 211?
60
What is the remainder when 85385 is divided by 246?
23
What is the remainder when 7519 is divided by 1481?
114
Calculate the remainder when 288441 is divided by 3951.
18
Calculate the remainder when 54831 is divided by 18155.
366
Calculate the remainder when 99274 is divided by 33078.
40
Calculate the remainder when 407 is divided by 387.
20
What is the remainder when 173 is divided by 162?
11
Calculate the remainder when 41948 is divided by 41929.
19
Calculate the remainder when 172313 is divided by 65.
63
What is the remainder when 278426 is divided by 77?
71
What is the remainder when 12829 is divided by 12817?
12
Calculate the remainder when 12629 is divided by 964.
97
Calculate the remainder when 1811 is divided by 123.
89
What is the remainder when 383102 is divided by 189?
188
Calculate the remainder when 132259 is divided by 172.
163
What is the remainder when 4102 is divided by 2036?
30
What is the remainder when 490458 is divided by 144?
138
What is the remainder when 180799 is divided by 156?
151
Calculate the remainder when 141025 is divided by 1856.
1825
What is the remainder when 766838 is divided by 76?
74
Calculate the remainder when 970 is divided by 9.
7
What is the remainder when 656815 is divided by 65?
55
What is the remainder when 2510 is divided by 178?
18
What is the remainder when 50735 is divided by 25341?
53
What is the remainder when 105710 is divided by 501?
500
Calculate the remainder when 14558 is divided by 606.
14
Calculate the remainder when 19983 is divided by 465.
453
Calculate the remainder when 7915 is divided by 344.
3
What is the remainder when 59618 is divided by 8513?
27
Calculate the remainder when 1439 is divided by 118.
23
Calculate the remainder when 725222 is divided by 25.
22
Calculate the remainder when 133565 is divided by 4451.
35
Calculate the remainder when 8179 is divided by 908.
7
Calculate the remainder when 11975 is divided by 9.
5
Calculate the remainder when 12259 is divided by 13.
0
What is the remainder when 9540 is divided by 39?
24
Calculate the remainder when 1089 is divided by 390.
309
What is the remainder when 3104 is divided by 404?
276
What is the remainder when 1483804 is divided by 32?
28
Calculate the remainder when 220135 is divided by 21.
13
What is the remainder when 32345 is divided by 28?
5
Calculate the remainder when 30638 is divided by 349.
275
Calculate the remainder when 274 is divided by 182.
92
Calculate the remainder when 231372 is divided by 1006.
998
What is the remainder when 309 is divided by 253?
56
Calculate the remainder when 18113 is divided by 8473.
1167
What is the remainder when 31967 is divided by 47?
7
What is the remainder when 69452 is divided by 248?
12
Calculate the remainder when 303260 is divided by 75808.
28
Calculate the remainder when 31144 is divided by 825.
619
What is the remainder when 2033 is divided by 13?
5
Calculate the remainder when 246118 is divided by 678.
4
Calculate the remainder when 6844 is divided by 80.
44
Calculate the remainder when 10040 is divided by 8.
0
What is the remainder when 1277898 is divided by 159?
15
Calculate the remainder when 10751 is divided by 20.
11
What is the remainder when 67816 is divided by 314?
306
What is the remainder when 15918 is divided by 313?
268
Calculate the remainder when 6336 is divided by 95.
66
Calculate the remainder when 12917 is divided by 28.
9
Calculate the remainder when 296 is divided by 254.
42
Calculate the remainder when 10804 is divided by 47.
41
Calculate the remainder when 78838 is divided by 90.
88
What is the remainder when 7106 is divided by 2364?
14
What is the remainder when 173 is divided by 146?
27
Calculate the remainder when 10848 is divided by 15.
3
Calculate the remainder when 573241 is divided by 7643.
16
Calculate the remainder when 1410 is divided by 34.
16
What is the remainder when 10868 is divided by 480?
308
What is the remainder when 499110 is divided by 1531?
4
What is the remainder when 41659 is divided by 128?
59
What is the remainder when 3801 is divided by 1838?
125
What is the remainder when 3538391 is divided by 12?
11
Calculate the remainder when 131874 is divided by 407.
6
Calculate the remainder when 15652 is divided by 3121.
47
Calculate the remainder when 26148 is divided by 37.
26
Calculate the remainder when 19999 is divided by 3325.
49
Calculate the remainder when 3133 is divided by 22.
9
What is the remainder when 4319 is divided by 407?
249
What is the remainder when 1980998 is divided by 803?
800
Calculate the remainder when 10030064 is divided by 54.
50
What is the remainder when 5519 is divided by 158?
147
Calculate the remainder when 48496 is divided by 14.
0
Calculate the remainder when 9020 is divided by 901.
10
What is the remainder when 48529 is divided by 1673?
12
What is the remainder when 88887 is divided by 103?
101
Calculate the remainder when 2961 is divided by 892.
285
What is the remainder when 15108 is divided by 559?
15
Calculate the remainder when 15385 is divided by 2556.
49
Calculate the remainder when 4630 is divided by 1149.
34
What is the remainder when 759 is divided by 39?
18
Calculate the remainder when 2853 is divided by 1333.
187
Calculate the remainder when 8373 is divided by 16.
5
Calculate the remainder when 151689 is divided by 102.
15
What is the remainder when 73759 is divided by 18434?
23
What is the remainder when 2409119 is divided by 2151?
2150
What is the remainder when 246439 is divided by 488?
487
What is the remainder when 364404 is divided by 186?
30
What is the remainder when 825 is divided by 385?
55
Calculate the remainder when 180793 is divided by 154.
151
Calculate the remainder when 1944 is divided by 1331.
613
Calculate the remainder 